z, 4*f - 4 = 0. What is the remainder when 3168 is divided by z?
253
Suppose 9*l = -7 + 25. Let z(n) = 1. Let p(u) = -50*u**2 + u - 2. Let m(b) = -p(b) + 2*z(b). What is the remainder when m(l) is divided by 41?
38
Let c = 300 + -113. Suppose -19652*o - 12 = -19653*o. What is the remainder when c is divided by o?
7
Suppose -2142 = 12*o + 450. Calculate the remainder when 128 is divided by o/(-60)*(-10)/(-6).
2
Calculate the remainder when 1159 is divided by (-120)/(1*-3)*4104/285.
7
Let n be 1/(-2*2/(-48)). Let s = 35 - n. Calculate the remainder when (-2)/(((-80)/430)/4) is divided by s.
20
Suppose 129*r + 11616 = 133*r. Suppose 852 = -54*u + r. What is the remainder when u is divided by 6?
2
Let w = -86 + 94. Let d(x) = 4*x**2 - 28*x + 8. Calculate the remainder when 199 is divided by d(w).
39
Let u = -177 - -95. Suppose 0 = -186*l + 65*l + 34*l + 1218. Calculate the remainder when l is divided by 3/(-12) - u/8.
4
Suppose -1493 = -368*n + 451883. What is the remainder when n is divided by 89?
75
Let d(q) = -3*q**2 + 119*q - 7. What is the remainder when d(29) is divided by 117?
102
Let b(k) = -k**2 - 59*k + 46. What is the remainder when b(-30) is divided by 189?
160
Let h(c) = 2*c - 42. Let i be h(22). Let z be (i/7)/((-3)/(-21)). Calculate the remainder when 25 is divided by (-108)/(-16) - z*(-3)/24.
4
Let m = -185 + 184. Suppose 4*c + 174 - 54 = 4*h, 92 = 3*h - 2*c. What is the remainder when h is divided by m - (2 - 3) - 22/(-2)?
10
Let h = -3437 - -3538. What is the remainder when 2418/4 + (-2)/(-4) is divided by h?
100
Let y = 18033 + -17733. Calculate the remainder when 635 is divided by y.
35
Let f(h) = h**3 + 5*h**2 + 3*h - 2. What is the remainder when (138 - 0) + (-17 - (17 - 33)) is divided by f(-3)?
4
Let x(r) be the second derivative of -11*r**3/3 - 18*r**2 + 2*r - 27. Calculate the remainder when x(-5) is divided by 4.
2
Let k(z) = z**2 - 26*z + 4. Let a be k(-6). Let t = a + -194. What is the remainder when 22 is divided by t?
0
Let s = -181 + 351. Let z(a) = -a**3 - 6*a**2 + 4*a + 14. Calculate the remainder when s is divided by z(-7).
30
Suppose -204*i + 8104 + 287288 = 0. Calculate the remainder when i is divided by 14.
6
Let a = 123 - 81. Let l be (-2)/((-5)/(30/4)). Suppose 5*u - 36 - 12 = -l*n, 0 = 3*u. What is the remainder when a is divided by n?
10
Calculate the remainder when 5 + (176/(-14))/(-22)*(-7441)/(-2) is divided by 79.
77
Let k(p) = -155*p - 4115. What is the remainder when k(-30) is divided by 18?
13
Suppose 167 = 3*h + 35. Suppose 0*w + 146 = 2*w. Suppose w = 2*c + 27. What is the remainder when h is divided by c?
21
Let h(t) = -21*t - 2. Let c(k) = k**2 - k + 16. Let z be c(5). Calculate the remainder when h(-4) is divided by (z/(-30))/(9/210*-1).
26
Suppose 0 = -4*n - 4*t + 156, -3*t = -0*t. Let g(z) = z**2 + 2*z + 6. Let l be g(-9). Suppose 5*f - l = 6. Calculate the remainder when n is divided by f.
9
Let q(s) be the second derivative of -s**4/12 + 11*s**3/6 + 31*s. What is the remainder when 277 is divided by q(4)?
25
Let l = -125 + 130. Let p(u) = -u + 5. Calculate the remainder when (3 - 1) + -6 + l*4 is divided by p(0).
1
Suppose 2382 = 3*d - 3*w, 45*d = 48*d + 5*w - 2414. What is the remainder when d is divided by 98?
14
Let i = -623 + 625. Suppose 3*m = i*m + 33. What is the remainder when 69 is divided by m?
3
Suppose 3*k - 3*o = 3, -27 = -3*k + 118*o - 121*o. Calculate the remainder when 1*2 - 93/(-3) is divided by k.
3
Suppose -5*a + 3*a - 8 = 0, 5*a = 4*h + 88. What is the remainder when 1052/6 - (-9)/h - -4 is divided by 46?
41
What is the remainder when ((-14)/12 + 4/6)/((-228)/492480) is divided by 56?
16
Suppose -3*p + 7 = v, v + 0 = -4*p + 3. Suppose -23*t = -v*t - 164. Calculate the remainder when 70 is divided by t.
29
Suppose 16*q + 538 = -9*q + 26*q. What is the remainder when q is divided by 261?
16
Let y(c) = -2*c + 126. Suppose 2*m = -6*m. Suppose m = -b - 33 + 44. What is the remainder when y(42) is divided by b?
9
Let j = 6 - 1. Suppose -2*c + 7 + j = 0. Calculate the remainder when 0*(-16)/(-256) + (-22)/(-1) + 1 is divided by c.
5
Let f(n) = 44*n**3 + 94*n**2 - n - 1. What is the remainder when 38623 is divided by f(1)?
135
Suppose -424*u + 461496 = -22*u. What is the remainder when u is divided by 142?
12
Let u = 439 - 383. Suppose -7*j - 28 + u = 0. Calculate the remainder when 73 is divided by j.
1
Let t be 4*3/8 + (-4)/(-8). Suppose -8*c + t = -150. Let v = c + 8. Calculate the remainder when v is divided by 17.
10
Suppose 3369*f = 3301*f + 19244. What is the remainder when f is divided by 254?
29
Let y(v) = -v**2 + 5*v + 811. What is the remainder when 2104 is divided by y(31)?
4
Let z be ((-60)/50)/(3/10). Let a be z + -4 - -5 - 1*-80. Let m = 87 - a. Calculate the remainder when 26 is divided by m.
6
Let j(a) = -a**2 - 9*a + 3608. What is the remainder when 2002 is divided by j(-56)?
50
Let b(o) = 7*o**3 - 12*o**2 - 5*o - 37. Let l(m) = 3*m**3 - 6*m**2 - 3*m - 18. Let p(c) = -4*b(c) + 9*l(c). What is the remainder when 50 is divided by p(-6)?
22
Let i be (9 - 0) + (3 - (2 + 2)). Let y = 88 + i. Calculate the remainder when (-4)/(-10) + (-4)/(-15)*y is divided by 13.
0
Suppose 0 = j + 13 + 19. Let o = 33 + j. Suppose -4*t - o = -53. What is the remainder when 23 is divided by t?
10
Let c(f) = -116*f + 6428. What is the remainder when 10126 is divided by c(55)?
46
Suppose 244*a = 236*a + 336. Let j = -7 + 13. What is the remainder when a is divided by (-6)/(-2*2/j)?
6
Suppose -5*d = -4*g - 42 + 13, -g + 9 = 2*d. Suppose d*f = 112 + 333. What is the remainder when f is divided by 31?
27
Suppose k - 12 = 4*w, w - 55 + 13 = -2*k. Let h be (-38)/14 + (-32)/112. Calculate the remainder when h/(-12) - 155/(-4) is divided by k.
19
Let f = 5056 - 4976. Calculate the remainder when 2957 is divided by f.
77
Suppose -2*l + 2*w = 18, -l - 5*w = -0 + 15. Let a(z) = -3*z - 18. What is the remainder when 25 is divided by a(l)?
1
Let s(d) = 2*d**2 - 9*d - 36. Let n be s(16). Suppose -3*c + n = -2*c - z, -5*c = z - 1630. Calculate the remainder when c is divided by 47.
45
Let r(n) = -n. Let f(x) = 8*x**2 - 3. Let l(m) = f(m) + 2*r(m). Suppose -708*q + 713*q = 55. Calculate the remainder when l(3) is divided by q.
8
Let y = 6797 + -6705. Calculate the remainder when 187 is divided by y.
3
Let q = 229 - 244. What is the remainder when 21 is divided by (-40)/(-24)*q/(-25)?
0
Let o(h) = h**2 - 3*h + 3. Let b be o(3). Suppose -11*f + 72 = -b*f. Let r = f + 3. What is the remainder when 21 is divided by r?
9
Let j(y) = y + 9. Let q be j(-7). What is the remainder when 372 is divided by ((-412)/(-6))/q + (-9)/27?
32
What is the remainder when ((-31)/93)/(-4 - 6535/(-1635)) is divided by 62 + -1 + 4 + -3?
47
Let g(m) = -9*m - 52. Let b be g(-5). Calculate the remainder when b - (-357)/49 - (-878)/14 is divided by 22.
19
Let g(b) = b**3 - 41*b**2 + 38*b + 93. Suppose -2*p - 118 = -324. Suppose k - p = -2*h, -3*h - k - 3*k = -157. What is the remainder when h is divided by g(40)?
12
Let n = -2836 - -2854. Suppose 3*i = 5*i - 850. Suppose 15*r - i = 10*r. Calculate the remainder when r is divided by n.
13
Let m = -7 + 10. Suppose 0*j + 2*k = -4*j + 50, -2*j + m*k = -21. Let u = -68 + 112. Calculate the remainder when u is divided by j.
8
Calculate the remainder when ((-24)/300 - (-254233)/(-525))*-3 is divided by 133.
123
Suppose -2*i + 10*w + 33 = 11*w, 2*w = 2*i - 24. Calculate the remainder when 576 is divided by i.
6
Let c = -30600 + 30697. Calculate the remainder when 971 is divided by c.
1
What is the remainder when 2926 is divided by (-18 + 1312/80)/((-2)/30)?
22
Let m = 38149 - 37417. What is the remainder when 2943 is divided by m?
15
Let h = 332 - -503. What is the remainder when h is divided by 56?
51
Let q(r) = 2*r + 14. Let c be q(-6). Suppose -c = -5*z + 4*z. Let p(a) = 13*a + 6. Calculate the remainder when 57 is divided by p(z).
25
Suppose -d = -2*j - 64, 3*d - 15*j = -17*j + 240. What is the remainder when d is divided by 23?
7
Suppose 0 = -657*s + 653*s - b + 227, -b = 2*s - 115. What is the remainder when 1123 is divided by s?
3
Let h = -1006 - -1453. What is the remainder when h is divided by 30?
27
Let r be (-11 - -9) + (2 - (-44)/1). What is the remainder when 69 is divid